alculate the remainder when 3814099 is divided by 10.
9
Calculate the remainder when 970949 is divided by 535.
459
Calculate the remainder when 1274256 is divided by 63704.
176
Calculate the remainder when 91696 is divided by 2389.
914
What is the remainder when 59394508 is divided by 1375?
8
Calculate the remainder when 1493341 is divided by 910.
31
Calculate the remainder when 11879875 is divided by 3.
1
What is the remainder when 238621 is divided by 39409?
2167
What is the remainder when 18946056 is divided by 1283?
1278
Calculate the remainder when 32155952 is divided by 32155949.
3
Calculate the remainder when 113963 is divided by 577.
294
Calculate the remainder when 511839 is divided by 1410.
9
Calculate the remainder when 39608007 is divided by 38.
37
What is the remainder when 263076881 is divided by 4181?
4180
Calculate the remainder when 38255 is divided by 12061.
2072
What is the remainder when 2117392 is divided by 196?
4
What is the remainder when 476150 is divided by 183?
167
Calculate the remainder when 274510 is divided by 2467.
673
What is the remainder when 712103 is divided by 18738?
59
What is the remainder when 2559119 is divided by 67?
54
Calculate the remainder when 1723529 is divided by 430866.
65
What is the remainder when 486521 is divided by 2614?
317
Calculate the remainder when 1483920 is divided by 741841.
238
Calculate the remainder when 53464 is divided by 165.
4
Calculate the remainder when 5779 is divided by 35.
4
What is the remainder when 431074 is divided by 429762?
1312
Calculate the remainder when 13118 is divided by 2623.
3
Calculate the remainder when 91712751 is divided by 38.
17
Calculate the remainder when 659911 is divided by 238.
175
What is the remainder when 611051 is divided by 218?
215
Calculate the remainder when 15313351 is divided by 2096.
2071
Calculate the remainder when 47924216 is divided by 94339.
4
Calculate the remainder when 4484417 is divided by 58239.
14
Calculate the remainder when 321865 is divided by 106895.
1180
What is the remainder when 2786315 is divided by 33?
26
Calculate the remainder when 35394 is divided by 17614.
166
What is the remainder when 271828 is divided by 1192?
52
What is the remainder when 7435344 is divided by 43?
42
Calculate the remainder when 194905 is divided by 345.
325
What is the remainder when 1673195553 is divided by 10982?
10979
Calculate the remainder when 1763648 is divided by 216.
8
What is the remainder when 4012439 is divided by 2006106?
227
Calculate the remainder when 328293 is divided by 54704.
69
Calculate the remainder when 7244055 is divided by 175.
105
Calculate the remainder when 34364 is divided by 109.
29
What is the remainder when 18347159 is divided by 156?
155
Calculate the remainder when 177859 is divided by 19759.
28
What is the remainder when 341126 is divided by 42342?
2390
What is the remainder when 101919 is divided by 33954?
57
What is the remainder when 22053 is divided by 3074?
535
Calculate the remainder when 8119870 is divided by 111.
109
Calculate the remainder when 5364108 is divided by 6714.
6336
Calculate the remainder when 4720025 is divided by 1394.
1335
Calculate the remainder when 31991608 is divided by 49.
47
What is the remainder when 35906 is divided by 1212?
758
Calculate the remainder when 3672496 is divided by 125.
121
Calculate the remainder when 200388 is divided by 4896.
4548
Calculate the remainder when 15304267 is divided by 196.
195
What is the remainder when 11340745 is divided by 520?
65
What is the remainder when 56779 is divided by 14134?
243
What is the remainder when 228709 is divided by 553?
320
What is the remainder when 8276 is divided by 1075?
751
What is the remainder when 93314 is divided by 688?
434
What is the remainder when 245977 is divided by 49049?
732
What is the remainder when 130869 is divided by 3043?
20
What is the remainder when 623902 is divided by 962?
526
Calculate the remainder when 23624740 is divided by 1389690.
10
Calculate the remainder when 1328956 is divided by 14928.
364
What is the remainder when 176858 is divided by 11789?
23
Calculate the remainder when 779823 is divided by 43322.
27
Calculate the remainder when 121757 is divided by 1149.
1112
Calculate the remainder when 12462341 is divided by 419.
24
What is the remainder when 2911326 is divided by 12825?
51
What is the remainder when 1746358 is divided by 10125?
4858
Calculate the remainder when 11610880 is divided by 5601.
7
Calculate the remainder when 1625439 is divided by 9031.
8890
Calculate the remainder when 13603902 is divided by 855.
852
Calculate the remainder when 159484538 is divided by 64.
58
What is the remainder when 483363 is divided by 80556?
27
What is the remainder when 68521 is divided by 68486?
35
Calculate the remainder when 1131071 is divided by 7907.
370
Calculate the remainder when 26565 is divided by 64.
5
Calculate the remainder when 904057 is divided by 396.
385
Calculate the remainder when 4505090 is divided by 6704.
2
What is the remainder when 14850462 is divided by 1193?
1191
Calculate the remainder when 22109257 is divided by 223325.
82
What is the remainder when 5202783 is divided by 42299?
6
What is the remainder when 27978858 is divided by 11653?
5
Calculate the remainder when 3823255 is divided by 420.
415
What is the remainder when 41177 is divided by 1005?
977
Calculate the remainder when 55443225 is divided by 18481067.
24
Calculate the remainder when 623269 is divided by 124564.
449
What is the remainder when 48803 is divided by 8807?
4768
What is the remainder when 335309 is divided by 234?
221
Calculate the remainder when 464864 is divided by 2519.
1368
Calculate the remainder when 799139 is divided by 199672.
451
Calculate the remainder when 29447613 is divided by 33.
30
What is the remainder when 108774 is divided by 9868?
226
Calculate the remainder when 11515251 is divided by 181.
31
What is the remainder when 121322 is divided by 7564?
298
Calculate the remainder when 4423359 is divided by 3887.
3840
Calculate the remainder when 355020 is divided by 400.
220
What is the remainder when 962864 is divided by 2799?
8
Calculate the remainder when 6918965 is divided by 664.
85
What is the remainder when 42689 is divided by 42322?
367
What is the remainder when 2044165 is divided by 478?
237
What is the remainder when 16179598 is divided by 3235918?
8
Calculate the remainder when 57398 is divided by 56940.
458
Calculate the remainder when 28127 is divided by 27017.
1110
Calculate the remainder when 13765250 is divided by 10.
0
What is the remainder when 252564 is divided by 996?
576
What is the remainder when 28647 is divided by 13482?
1683
Calculate the remainder when 9486072 is divided by 813.
801
Calculate the remainder when 568959 is divided by 241.
199
Calculate the remainder when 284418 is divided by 799.
773
Calculate the remainder when 28024498 is divided by 21.
19
Calculate the remainder when 281337 is divided by 2098.
205
What is the remainder when 2832937 is divided by 220?
217
Calculate the remainder when 3301584 is divided by 1624.
1616
What is the remainder when 14604534 is divided by 1622725?
9
What is the remainder when 1273953 is divided by 28?
9
Calculate the remainder when 50111949 is divided by 6263992.
13
Calculate the remainder when 219500 is divided by 5224.
92
Calculate the remainder when 1003293 is divided by 334421.
30
What is the remainder when 83349 is divided by 41658?
33
Calculate the remainder when 931188 is divided by 2623.
23
What is the remainder when 273965 is divided by 78?
29
What is the remainder when 487667210 is divided by 177?
173
What is the remainder when 50047 is divided by 728?
543
What is the remainder when 11822612 is divided by 408?
404
What is the remainder when 1292438 is divided by 184634?
0
Calculate the remainder when 135838 is divided by 67915.
8
Calculate the remainder when 1860084 is divided by 87.
24
Calculate the remainder when 1939928 is divided by 1939854.
74
What is the remainder when 17765417 is divided by 1767?
1766
Calculate the remainder when 9221846 is divided by 1499.
1497
Calculate the remainder when 21878507 is divided by 21878327.
180
Calculate the remainder when 429250 is divided by 22589.
59
